lse
Is 15634 a composite number?
True
Is 7115 composite?
True
Is 8791 a prime number?
False
Is 5897 composite?
False
Is 10743 prime?
False
Is 1831 a prime number?
True
Is 2579 prime?
True
Is 83891 a prime number?
True
Is 14459 composite?
True
Is 124939 a composite number?
True
Is 157 prime?
True
Is 180019 a prime number?
False
Is 2609 a composite number?
False
Is 26077 prime?
False
Is 3862 a composite number?
True
Is 149293 prime?
False
Is 79682 a composite number?
True
Is 463673 composite?
True
Is 61613 prime?
True
Is 9173 a composite number?
False
Is 81749 prime?
True
Is 32089 a prime number?
True
Is 2437 a composite number?
False
Is 22577 a prime number?
False
Is 33653 prime?
False
Is 4391 a prime number?
True
Is 49893 a prime number?
False
Is 75431 a composite number?
False
Is 16181 a prime number?
False
Is 735649 prime?
True
Is 337607 prime?
True
Is 322709 a composite number?
False
Is 107563 a prime number?
True
Is 60161 a prime number?
True
Is 46381 composite?
False
Is 580213 a composite number?
False
Is 46859 a composite number?
True
Is 308207 a prime number?
False
Is 2221 prime?
True
Is 403241 a composite number?
False
Is 611 a composite number?
True
Is 9431 composite?
False
Is 127474 prime?
False
Is 302551 prime?
True
Is 5807 a prime number?
True
Is 108349 a prime number?
False
Is 16183 prime?
True
Is 1656517 a prime number?
True
Is 625117 composite?
True
Is 3747 composite?
True
Is 17377 a prime number?
True
Is 54941 prime?
True
Is 225089 a composite number?
False
Is 30449 a prime number?
True
Is 67447 a prime number?
True
Is 7709 composite?
True
Is 28774 composite?
True
Is 938713 a composite number?
False
Is 5569 a prime number?
True
Is 2271 a composite number?
True
Is 1067 composite?
True
Is 290243 prime?
True
Is 180409 prime?
False
Is 21001 composite?
False
Is 562019 prime?
True
Is 97523 prime?
True
Is 1633 prime?
False
Is 2157209 composite?
False
Is 29077 a prime number?
True
Is 287461 prime?
False
Is 1943 prime?
False
Is 17159 composite?
False
Is 37717 prime?
True
Is 37763 a prime number?
False
Is 57287 composite?
False
Is 139609 prime?
True
Is 5261 a prime number?
True
Is 70271 composite?
False
Is 6287 composite?
False
Is 3071 a prime number?
False
Is 45529 a prime number?
False
Is 1279303 prime?
True
Is 10681 composite?
True
Is 70319 a prime number?
False
Is 119869 composite?
False
Is 1680229 composite?
True
Is 312001 prime?
False
Is 19181 composite?
False
Is 194057 prime?
True
Is 1847 a prime number?
True
Is 16671 prime?
False
Is 2271 a composite number?
True
Is 12451 composite?
False
Is 390233 prime?
False
Is 17921 composite?
False
Is 5497 a composite number?
True
Is 19945 composite?
True
Is 691 prime?
True
Is 73121 prime?
True
Is 46021 prime?
True
Is 979 composite?
True
Is 912187 prime?
True
Is 52642 composite?
True
Is 1983301 composite?
False
Is 108502 a prime number?
False
Is 18527 prime?
False
Is 789823 a composite number?
False
Is 7321 a prime number?
True
Is 1131799 a composite number?
False
Is 3867 a prime number?
False
Is 31931 a composite number?
True
Is 12461 a prime number?
False
Is 127637 composite?
False
Is 9089 a prime number?
False
Is 1814 prime?
False
Is 261151 composite?
True
Is 3491 composite?
False
Is 93629 composite?
False
Is 239017 prime?
True
Is 494873 a prime number?
True
Is 14261 a composite number?
True
Is 304279 a prime number?
True
Is 106591 composite?
False
Is 1078547 a composite number?
True
Is 3155 prime?
False
Is 34171 prime?
True
Is 411819 composite?
True
Is 29301 prime?
False
Is 17254 a composite number?
True
Is 4967 composite?
False
Is 282559 a composite number?
False
Is 545729 a composite number?
True
Is 397 a composite number?
False
Is 1081477 a composite number?
False
Is 6207 a composite number?
True
Is 3119 a prime number?
True
Is 34691 composite?
True
Is 558055 a composite number?
True
Is 55999 a prime number?
False
Is 486377 a prime number?
True
Is 116239 a composite number?
False
Is 2819 prime?
True
Is 33479 composite?
False
Is 78641 prime?
False
Is 215573 prime?
True
Is 52651 a composite number?
True
Is 13441 composite?
False
Is 422931 a prime number?
False
Is 4971 prime?
False
Is 721 a composite number?
True
Is 68171 a composite number?
False
Is 11281 a composite number?
True
Is 146201 a prime number?
False
Is 11267 a prime number?
False
Is 1259 a composite number?
False
Is 4739 a composite number?
True
Is 208433 a prime number?
True
Is 4031 prime?
False
Is 13291 composite?
False
Is 3109915 a composite number?
True
Is 3799 a prime number?
False
Is 595259 a prime number?
False
Is 20249 prime?
True
Is 13619 prime?
True
Is 7501 a prime number?
False
Is 2227 composite?
True
Is 10831 a prime number?
True
Is 78635 composite?
True
Is 597757 a prime number?
True
Is 32969 a prime number?
True
Is 147841 prime?
False
Is 74 prime?
False
Is 5693959 composite?
False
Is 17859 composite?
True
Is 1319 a prime number?
True
Is 4891 prime?
False
Is 7273 a composite number?
True
Is 837965 prime?
False
Is 14971 prime?
False
Is 406937 prime?
False
Is 39917 prime?
False
Is 5944495 a prime number?
False
Is 1626649 composite?
False
Is 121297 a prime number?
False
Is 451 prime?
False
Is 5623 prime?
True
Is 78919 a composite number?
False
Is 10427 composite?
False
Is 18803 a prime number?
True
Is 61861 prime?
True
Is 40249 a composite number?
True
Is 191969 composite?
False
Is 985069 a prime number?
False
Is 70442 a prime number?
False
Is 1481 composite?
False
Is 4463 a prime number?
True
Is 16499 a prime number?
False
Is 8285 composite?
True
Is 45947 prime?
False
Is 65519 prime?
True
Is 371327 a composite number?
True
Is 871307 composite?
True
Is 12689 prime?
True
Is 192041 a prime number?
False
Is 3517361 prime?
True
Is 289131 prime?
False
Is 21313 a prime number?
True
Is 29947 composite?
False
Is 1650431 a prime number?
False
Is 151597 composite?
False
Is 2501 prime?
False
Is 11657 prime?
True
Is 29059 prime?
True
Is 15791 prime?
True
Is 282819 a composite number?
True
Is 83177 composite?
False
Is 139754 a prime number?
False
Is 61301 a prime number?
False
Is 153653 prime?
False
Is 48491 composite?
False
Is 206177 prime?
True
Is 75903 composite?
True
Is 11072201 prime?
False
Is 673 a composite number?
False
Is 126097 composite?
False
Is 2159965 a composite number?
True
Is 108413 prime?
True
Is 1353679 composite?
False
Is 24277 a composite number?
True
Is 168391 a prime number?
True
Is 750497 a prime number?
False
Is 18899 a composite number?
False
Is 16945 a prime number?
False
Is 42869 a prime number?
False
Is 691 a prime number?
True
Is 88411 a prime number?
True
Is 2195 composite?
True
Is 148589 prime?
False
Is 16729 composite?
False
Is 83935 a prime number?
False
Is 82457 a composite number?
False
Is 717929 a composite number?
True
Is 48562 a composite number?
True
Is 140339 prime?
True
Is 13093 composite?
False
Is 5079 a prime number?
False
Is 2599843 prime?
True
Is 69991 a prime number?
True
Is 2447054 composite?
True
Is 33 composite?
True
Is 1420429 a composite number?
False
Is 12659 a prime number?
True
Is 19835 a composite number?
True
Is 35599 prime?
False
Is 36187 prime?
True
Is 1189 prime?
False
Is 398969 prime?
True
Is 10919 a prime number?
False
Is 244529 prime?
True
Is 340671 composite?
True
Is 703573 prime?
False
Is 738787 a composite number?
True
Is 619319 composite?
True
Is 215 composite?
True
Is 588099 composite?
True
Is 538207 composite?
True
Is 1660573 a composite number?
False
Is 304253 prime?
True
Is 1535 a composite number?
True
Is 667921 a composite number?
False
Is 18431 composite?
True
Is 1010081 composite?
False
Is 26479 a composite number?
False
Is 9569 a prime number?
False
Is 57367 composite?
False
Is 1497 a composite number?
True
Is 61573 a composite number?
True
Is 98689 composite?
False
Is 8929 composite?
False
Is 597209 a prime number?
True
Is 30467 composite?
False
Is 18551 composite?
True
Is 22353 composite?
True
Is 111145 composite?
True
Is 347965 prime?
False
Is 3589 prime?
False
Is 40571 a prime number?
False
Is 31 composite?
False
Is 4751 composite?
False
Is 1759 prime?
True
Is 663097 prime?
True
Is 361237 a composite number?
False
Is 8263 a prime number?
True
Is 162623 a composite number?
False
Is 14677 composite?
True
Is 383765 composite?
True
Is 41719 a prime 